- p = -y. Is y a prime number?
False
Suppose 2*h + 37*r - 35*r = 54060, -2*h = 4*r - 54046. Is h a prime number?
False
Suppose -4*z = 2*c - 22, 4*z = -4*c + 2*z + 50. Suppose c - 79 = 3*p. Let y = p + 44. Is y a composite number?
True
Suppose -46*l + 51*l = 440515. Is l a composite number?
True
Suppose -79568 = -p - p - 5*m, 3*m = -4*p + 159108. Suppose 0*x = -7*x + p. Suppose x = 9*c + 813. Is c prime?
True
Suppose -y = -5*s + 439, 5*y - 7*s + 2105 = -12*s. Let x = -173 - y. Is x a prime number?
True
Let q(d) = 15260*d**3 - 5*d**2 + 35*d - 147. Is q(4) prime?
True
Let a be (164/(-6) - 1)/(6/18). Let y = a - -85. Is (-2 - y)*(2450/(-4) + 6) a prime number?
True
Let b(t) = 196*t + 801. Is b(56) prime?
True
Suppose 14*d - 9194 = -2754. Suppose 3*m + t - 1625 = 0, 3*t - d = 5*m - 3159. Is m a composite number?
False
Suppose -o = -3*p - 9, 0 = -0*o + 2*o + 6. Let q(x) = -8*x**3 - 3*x**2 - 5*x - 15. Is q(p) a prime number?
False
Suppose 4*a = -4*o + 984, 0 = -5*o + 2*a + 3*a + 1200. Is -1 - (-17174)/9 - 54/o prime?
True
Suppose 2*w + 5436 = 5*o, 0 = 14*o - 15*o - 3*w + 1077. Let d = 2117 + o. Is d a prime number?
True
Suppose l + 90 = 3*w, -w + 0*w + 5*l = -44. Suppose 5 = 5*t - 5*k - 0, 3*k - w = -5*t. Is (t + 39/(-9))/(1/(-1653)) prime?
False
Suppose 63*z = -99*z + 9912721 + 11138693. Is z composite?
True
Let a(i) = -60050*i - 77. Is a(-1) a prime number?
False
Let d = -33 + 33. Suppose d*r - 15 = 5*r. Is r*1 + (119 - 3) prime?
True
Suppose 0 = -43*m + 47*m + 2*s - 57886, 0 = -5*m - 4*s + 72353. Is m composite?
True
Is (18/(-54))/((-3)/73161) a prime number?
False
Let n(z) = 447*z - 22. Let f be n(5). Suppose f = q - 2*u, 7*q - 10990 = 2*q - 5*u. Is q a composite number?
False
Is 2514473/(-26)*(-1 - 1) composite?
True
Let c(m) = 53001*m + 17. Is c(2) composite?
False
Suppose 6*s - 18*s - 5*s = -87499. Is s a composite number?
False
Suppose -14*n = -7*n - 14. Suppose -5*g - 922 = -n*c, -4*g - 398 + 1827 = 3*c. Suppose 38*b - 35*b = c. Is b a composite number?
False
Suppose -2007589 = -3*s - x, -2*s - 5*x + 1492146 = 153788. Is s composite?
True
Let m be -3 + -2 - 8/(2/(-1)). Is (4 - -2328) + 2 + m composite?
False
Let t(u) = -4*u - 9. Let z be t(-3). Let i be (-1)/(z/(-9)*(1 + -2)). Is 724/2 - (-15)/(i + -2) composite?
False
Let z be (344 - 0)*-1 + (51 - 52). Is 4667/23 - 30/z a composite number?
True
Let i(w) = -8658*w**2 + 6*w - 8. Let k(p) = -5772*p**2 + 4*p - 5. Let n(s) = -5*i(s) + 7*k(s). Is n(-2) a prime number?
False
Suppose -1010198 - 378075 = -9*r + 504850. Is r a composite number?
False
Let j(v) = -1110*v**3 + 6*v**2 + 53*v + 44. Is j(-5) prime?
True
Let g(d) = -15*d + 24. Let m be g(-9). Suppose 783 = 2*i - m. Let p = i - 284. Is p a prime number?
False
Suppose n - w = -8, -27 + 91 = -5*n - 3*w. Is (-64669)/n - 0/(-2) composite?
False
Suppose -5*j = -2*j - q - 57, -3*q = -9. Suppose -j*y + 38899 = -13*y. Is y composite?
False
Suppose -438*o + 460*o - 190102 = 0. Is o prime?
True
Let q = -1034 - -1742. Let m = -377 + q. Is m prime?
True
Let g = 5 - 5. Suppose 3*f - 5*f = g. Suppose f = -5*i + 3169 + 1306. Is i a composite number?
True
Let y = 357799 + -138590. Is y a composite number?
True
Let f(u) = u**2 - 334*u - 121. Is f(-90) composite?
False
Let m = -3423 - -4977. Let r = m + -599. Is r composite?
True
Suppose 5905 = -5*j + 6*j. Suppose 7*g = 8*g - j. Is g a prime number?
False
Suppose 17*j = 175623 + 56155. Suppose 5*t - 5*v = 21620, -t + 4*t = -4*v + 12958. Suppose -5*s + 908 = -d + t, -2*s + j = 4*d. Is d prime?
False
Let r(v) = 261*v + 179. Let l be r(19). Let s = -3009 + l. Is s composite?
False
Let l = 246013 + -170850. Is l a prime number?
False
Suppose -234285 = a - 6*a + 4*z, -2*a + 93747 = 5*z. Is a a composite number?
False
Let t(p) = 2*p. Let o(q) = -961*q**2 - 19*q - 9. Let j(k) = -o(k) + t(k). Is j(-2) prime?
False
Suppose -6*z + 40 = -3*z + 4*x, -3*x - 28 = -5*z. Let w(n) = n - 8. Let k be w(z). Suppose k = 7*m - 6*m - 149. Is m a composite number?
False
Suppose 0 = -16*v - 15*v + 19*v + 3674652. Is v composite?
True
Let x(b) = -3*b + 3. Let f be x(1). Suppose f = -0*y - 2*y. Suppose -i = -y*i + 2, -2*v + 3*i = -1268. Is v composite?
False
Let v(t) = t**2 + 20*t + 2. Let f be v(-20). Suppose 2*s = f*x + 34070, 3*s - 26*x = -21*x + 51105. Is s composite?
True
Suppose -14 = 3*d - 5*k, -d - 12 = -3*d - 2*k. Suppose 96 = -d*h + 10*h. Is (-35)/2*(-1 + h/20) composite?
False
Suppose 0 = 3*s - 0*s - 3. Suppose -3*z + 8 = -s. Suppose z*n - n = 778. Is n a prime number?
True
Let k = -936715 + 1530068. Is k prime?
True
Let u = -3262 - -809. Is u*(-16 + 6 - -9) a prime number?
False
Let y(a) = -7*a - 48. Let v(f) = 7*f + 49. Let k(r) = 5*v(r) + 4*y(r). Let o be k(-6). Suppose -o*m + 11526 - 4013 = 0. Is m a prime number?
True
Let w(p) = -13935*p + 433. Is w(-54) composite?
True
Let t(u) = 16*u**3 - 15*u**2 + 27*u - 3. Let x be t(6). Let d = x + -1597. Is d prime?
False
Let k be 30/7*(-168)/(-36). Let d = k + -20. Suppose -a + 863 + 540 = d. Is a prime?
False
Suppose 126*j - 3*c + 73195 = 130*j, 5*c = 4*j - 73219. Is j a prime number?
True
Suppose 3 = -v - 2*v. Is ((-7498)/10 + 32/40)/v composite?
True
Let q be 1 + -3 + (-2)/(-2). Let c be (1 - q)/6 + (-88)/3. Is (10/45 - c/(-9)) + 1384 composite?
False
Let y(v) = -69 - 65*v + 64 - 98*v. Let p(i) = -490*i - 16. Let c(f) = 4*p(f) - 11*y(f). Is c(-4) a composite number?
False
Let d = 34886 + -10539. Is d a prime number?
False
Let q = 57 + -37. Suppose -q*o = -22*o + 2298. Let x = o - 818. Is x a composite number?
False
Suppose 3*b - 4*o = 42, 0*o + 3*o = 0. Let x(r) = 18*r - 17 + 9*r - 18*r + 20*r. Is x(b) composite?
False
Suppose 1506*j = 1508*j + 4*i - 1551442, -4*i = -5*j + 3878661. Is j a composite number?
False
Let s(y) be the first derivative of 6*y**3 - 99*y**2/2 - 13*y + 2. Is s(14) a composite number?
False
Suppose 15*h + 3373958 = 5971243 + 4002970. Is h prime?
False
Suppose 823*m + 15047782 = 969*m. Is m composite?
False
Let p = 350149 - 203250. Is p a prime number?
False
Let i be ((-30)/9)/(18/(-189)). Suppose 2*g = -0*s + 4*s - 6, -5*s = 3*g - i. Suppose 3*d - 5*m - 36 = 0, -m - 41 = -g*d + m. Is d prime?
True
Let n(h) = 4589*h - 2921. Is n(12) a prime number?
True
Let u(x) = 418*x**2 + 22*x + 53. Let w = 14 - 17. Is u(w) prime?
False
Let t = -3450 + 3453. Let d(p) = -2 + 0 + 0*p**2 + 11*p**2. Is d(t) composite?
False
Let q(r) = -187*r - 11. Let t(i) = -93*i - 5. Let x(p) = 4*q(p) - 7*t(p). Let o be x(4). Let k = o - -608. Is k a prime number?
True
Suppose 598417 = 1360*v - 1343*v. Is v composite?
False
Suppose 15*l - 137475 = 12*l. Suppose 4*j + 18215 - 109895 = -4*m, l = 2*m - j. Is m composite?
True
Suppose -48292 + 161011 = 3*h - 18*y, 0 = 2*h + 4*y - 75258. Is h a composite number?
True
Suppose -3*h - 3*g - 31074 = 0, h - 5*g + 41459 = -3*h. Let y = -4978 - h. Is y a composite number?
True
Let k(v) be the first derivative of 1900*v**3/3 + v**2 - v + 115. Suppose 3 = 5*w - 2. Is k(w) prime?
True
Suppose 17*k - 2204684 = 5914397. Is k prime?
True
Let w be 0 - 34 - 4/(-1 + 5). Let h be (1*2)/(-2) + (-91 - -94). Is ((-7483)/w)/(h/10) a prime number?
True
Let k = -23 - 2. Let g = -10 - k. Is 2210/g*9/6 a prime number?
False
Suppose 5*w - c = 3876192, 4*c - 1761526 = -4*w + 1339394. Is w prime?
True
Let c be 2/(-17) + (-3)/(-153)*261. Is ((35/(-28))/c)/((-2)/408872) a prime number?
True
Let v(i) = 10*i - 1. Let x be v(1). Suppose x = 2*t + 1. Suppose 0 = 4*s - j - 1593, 1965 = 5*s - 0*s + t*j. Is s composite?
False
Let d = 131 - 251. Let h = -118 - d. Suppose h*g - 5 = 45. Is g a composite number?
True
Let c(d) be the second derivative of d**7/630 - d**6/60 - d**5/24 - 5*d**4/12 + 2*d. Let n(q) be the third derivative of c(q). Is n(9) prime?
True
Suppose -12710 - 499 = -17*n. Is 6/9*-191*n/(-14) composite?
True
Let c(p) = 3*p**2 - 3*p - 2. Let f be c(-1). Suppose -f*i - i = 290. Let z = i - -323. Is z a prime number?
False
Suppose -5*w + 20 = 2*s, -4*w + 16 = 3*s - 4*s. Suppose -4*m - 5916 = -4*n, -w*n - 4643 = 4*m + 1297. Is 2/(-8) - m/8 a prime number?
False
Let q = -48 + 197. Let o be q/((-4)/(-4))*25. Suppose 17545 = 4*z + o. Is z a composite number?
True
Let y(l) = -4*l**3 - 35*l**2 + 71*l + 99. Is y(-32) composite?
False
Suppose 4*y + 1676 = -5*s, 3*y + 333 